Suppose -3*f = 2*n - l, 2*n + 341 - 81 = f. What is the hundreds digit of f?
2
Let b(j) = 2*j**2 - 2*j + 6. Let u be b(-3). What is the hundreds digit of (u/9)/((-2)/(-159))?
2
Let m(v) = -v**3 - 9*v**2 - 13*v + 28. Let z be m(-7). Suppose z*h + 2310 = 27*h. What is the tens digit of h?
8
Let i = -15 + 658. Let p = i + -612. What is the tens digit of p?
3
Let z = 2471 - -1025. Suppose -9*j - z = -13*j. What is the units digit of j?
4
What is the thousands digit of (11 - 251)*((-420)/(-250))/((-6)/140)?
9
Suppose -4*j = -4*h - 3509 - 6499, 0 = 2*h + 2*j + 5004. Suppose 2*p - 87 = -23*p - 4*p. What is the units digit of p + h/(-33) - 2/(-11)?
9
Suppose 266 - 1426 = -20*o. Let k = 139 - o. What is the tens digit of k?
8
Let t = 583 + -325. What is the units digit of 116788/t*12/14?
8
Let i be (-3)/2*(-7 + 1 - -2). Suppose -z - 80 = -i*z. Suppose 19*b - z*b - 201 = 0. What is the units digit of b?
7
Suppose f - 1753 = 2*c, -21*c = 4*f - 17*c - 6964. Suppose -4*p = 4, -19*l + f = -14*l - 5*p. What is the hundreds digit of l?
3
Let p(c) = -2*c**2 - 41*c - 26. Let v be p(-20). What is the hundreds digit of 2/(v/839)*(3 - 6)?
8
Let p(x) = 5*x**3 + 137*x**2 - 15*x + 19. What is the ten thousands digit of p(-24)?
1
Let n(o) = o**2 + 13*o - 17. Let t(v) = v**3 - 18*v**2 + 16*v + 26. Let i be t(17). What is the tens digit of n(i)?
8
What is the tens digit of 1568/64*(574 + 0)?
6
Let n(y) = 5*y + 288. Let i be 1/(3 + -4)*0. What is the units digit of n(i)?
8
Let m(h) = 4209*h**2 + 467*h - 936. What is the hundreds digit of m(2)?
8
Let k(t) = -3*t**3 - t**2 + 37*t - 12. What is the hundreds digit of k(-11)?
4
Suppose -s - 5*i + 0*i = 97, 4*i = -12. Let r(m) = -m**3 + 9*m**2 + 19*m + 11. Let k be r(11). What is the tens digit of (-4)/k + (-63)/22*s?
3
Let g = -742 + 740. What is the units digit of (-6 + 5)/(g/(-6 - -8))?
1
Suppose -r + 4*n = 8, r - 28 + 21 = -n. Suppose 224 + 699 = s + r*b, -5*s - 5*b + 4585 = 0. What is the tens digit of s?
1
Let w = 138 + -135. Suppose 0 = -c + 3*m - 2*m + 391, -w*c = -2*m - 1170. What is the tens digit of c?
8
Let b be (57/(-38))/(2 + (-15)/6). What is the units digit of (-498*(-7)/28)/(b/8)?
2
Suppose 20 = -5*r - 4*z + 60, -3*z + 15 = 0. Suppose 0 = r*i - 4*y - 2356, -2*i + 226 = -5*y - 958. What is the hundreds digit of i?
5
Suppose 0 = 69*v + 477 - 1512. Let u(w) = 7*w**2 + 30*w - 2. What is the hundreds digit of u(v)?
0
Let k(p) = -130*p**3 - p**2. Let y be k(-1). Let g(i) = 7*i**2 + 5*i + 5. Let r be g(6). Let j = r - y. What is the hundreds digit of j?
1
Suppose 0 = y - 3*z - 13422, 30*z + 9 = 33*z. What is the hundreds digit of y?
4
Suppose 19*v - 13*v + 66729 = 3*w, -66680 = -3*w - v. What is the units digit of w?
9
Let g = 60 - 16. Suppose 4*h - g = 2*h - 5*v, -h + 4*v - 4 = 0. Let r = h - -4. What is the units digit of r?
6
Let x(y) = 491*y - 2867. What is the hundreds digit of x(7)?
5
Let l(s) be the first derivative of -s**4/12 - 5*s**3 - 9*s**2 - 3*s + 15. Let t(m) be the first derivative of l(m). What is the hundreds digit of t(-17)?
2
Let k be 1506/21 - 14/(-49). What is the units digit of k/(-42)*(-1666)/4?
4
Let m(k) = 2787*k**2 - 134*k + 263. What is the thousands digit of m(2)?
1
Suppose -4*c = -2*y - 35286, 3*y = -3*c + 5001 + 21441. What is the units digit of c?
9
Let o = -7 - 34. Let x = o + 96. Let f = x + 27. What is the units digit of f?
2
Suppose -9 = -2*t + 3*f + 15, 2*t + 5*f = -8. Suppose -1172 = -t*h + 2428. Suppose 9*p - h = 651. What is the tens digit of p?
3
Let y(i) = -4*i - 14*i - 46 + 0. Suppose 5*z + 21 = 2*b + 39, 3*b + 2*z = -46. What is the hundreds digit of y(b)?
2
Let j(b) = -129*b - 63. Let u be j(-5). Let a = 973 - u. What is the hundreds digit of a?
3
Let o = -4693 - -16560. What is the hundreds digit of o?
8
Suppose -11*d + 7537 = -559. Suppose d*i - 739*i = -870. What is the units digit of i?
0
Let a(j) = -6*j**3 + j**2 + 2*j + 3. Let o = 62 - 90. Let q = o - -26. What is the tens digit of a(q)?
5
Let z = 138 - 131. Suppose -z*x + 1297 = -3946. What is the hundreds digit of x?
7
Suppose 0 = 109*x - 57*x - 58*x + 107190. What is the tens digit of x?
6
Suppose 3139673 = 37*g + 786880. What is the thousands digit of g?
3
Suppose 3501474 = -196*j + 242*j. What is the units digit of j?
9
Let a be 4 + (-6 - (-139 - -3)). Suppose a - 145 = -c. What is the tens digit of c?
1
Suppose 1443482 = 192*h - 286246. What is the thousands digit of h?
9
Let o = -217 + 221. Let t = o + 394. What is the units digit of t?
8
Let y(v) = 12*v**3 - 19*v**2 - 65*v + 968. What is the hundreds digit of y(13)?
2
Let n(o) = 10*o**3 - 515*o**2 - 69*o - 279. What is the hundreds digit of n(54)?
8
Let r be ((-10)/(-5))/(4/(-6)). Let f be (r - -5) + 6/3. Suppose f*i - 4*m = 520, 257 = 2*i - 3*m - 2*m. What is the units digit of i?
1
Let j = -2407 - -783. Let c = -369 - j. What is the thousands digit of c?
1
Suppose 3*o = v - 21, 115*o = v + 116*o - 5. Let p = -3 + 5. Suppose v*k - p*g = 8*k + 66, 25 = -5*g. What is the tens digit of k?
5
Let y(m) = 1250*m**3 + m**2 - 3*m + 2. Let w be y(1). Suppose -2*k = -3*o + 1870, -o + 2*k = o - w. What is the units digit of o?
0
Let u(g) = -g. Let j be u(-10). Suppose -2*l = q - 2, -5*l + 2*q = -13 - j. Suppose c - 5*c - 5*v + 87 = 0, -l*v = -c + 43. What is the tens digit of c?
2
Let a be (-2 - -32 - -4)*-4. Let i = 277 + a. What is the hundreds digit of i?
1
What is the units digit of 164/(-3)*((-72)/(-864) - 12458/24)?
2
Suppose 9*o - 5*o = 4, -5*o + 40 = -5*p. What is the tens digit of (p/(-3))/(-7)*711/(-3)?
7
What is the tens digit of ((-10)/10)/((-4)/(-5) + 607614/(-759480))?
1
Let d(c) = -c**3 + 34. Let u = -124 - -118. What is the units digit of d(u)?
0
Suppose 0 = x - 5*d - 34, -2*x - 10*d + 11*d + 86 = 0. Let n = 151 + x. What is the tens digit of n?
9
Suppose -50547 = 46*b - 260712 - 77611. What is the thousands digit of b?
6
Let z(k) = 922*k + 2651. What is the units digit of z(0)?
1
Suppose 2*k - 27 - 119 = 0. Suppose 5*r = 2288 - k. What is the hundreds digit of r?
4
Let f = -9726 - -19165. What is the thousands digit of f?
9
Suppose s - 2*r + 29 = 0, 4*s - 3*r + r + 134 = 0. Let l = -34 - s. What is the tens digit of (-4*l - 0) + (-16 - -52)?
3
Suppose 9*i - 5*i = 4*n + 2228, -3*i + 4*n = -1676. What is the units digit of i?
2
Suppose -4*m + 3*m = 5*t + 7, 4*m - 2*t - 38 = 0. Suppose -4*i + m*i = 20. What is the units digit of 327/i + ((-8)/10)/2?
5
Suppose 2*u = -x + 57, -u + 41 = 2*x + 11. Let h be (-12)/(-9)*(u/8 + -2). What is the tens digit of (0 - 2/(-4)*h)*33?
3
Suppose -2*v + 6439 = -10*c + 7*c, -2*v + 6445 = 3*c. What is the units digit of v?
1
Let v(g) = -g**3 - g**2 - 3*g - 1. Let n be v(-2). Suppose n*w - 2186 = 982. What is the tens digit of w?
5
What is the ten thousands digit of 23421 - (5 + (1 + -8)/(-7)*3)?
2
Suppose -18*m + 35217 + 3141 = 0. Suppose u = -4*n + 2258, m + 690 = 5*n + 2*u. What is the hundreds digit of n?
5
Let n(b) be the second derivative of -1/12*b**4 + 0 + 5/3*b**3 + 8*b - 13/2*b**2. What is the units digit of n(4)?
1
Let r(v) be the third derivative of -35*v**4/12 + 31*v**3 - 87*v**2 - 3*v. What is the tens digit of r(-23)?
9
Let o be (20/9)/((-86)/18 - -5). What is the units digit of (-1059)/(-15) + 0 + 4/o?
1
Let h = 77 + -75. Let q be (-51)/(-9) - 9/(27/h). Suppose 6*t - 212 = q*t. What is the tens digit of t?
1
Let f(u) = -258*u**3 - 6*u**2 + 8*u + 7. What is the thousands digit of f(-4)?
6
Suppose 0 = -6*l + 10821 + 379407. What is the thousands digit of l?
5
Let z = -8240 + 43296. What is the tens digit of z?
5
Let n be 1*((-9144)/14 + 13/91). Let y = -89 - n. What is the hundreds digit of y?
5
Let n(z) = 45*z + 36. Let s be n(-4). Let r = -39 - s. What is the hundreds digit of r?
1
Let y(q) = q**2 + 12*q - 8. Let z(d) = -3*d + 1. Let p be z(3). Let n be y(p). Let s = 85 + n. What is the units digit of s?
5
Suppose 42 = -0*x + 2*x. Let a(j) = 1460 - 1460 - x*j. What is the units digit of a(-2)?
2
Let q(p) = p**2 + 8*p - 1. Let a be 44/66*(2 - -1). Suppose 4*b + 13 = -r + a*b, 0 = b. What is the units digit of q(r)?
4
Suppose 35*c - 60533 - 35017 = 0. What is the units digit of c?
0
Let i = 30 + -26. Suppose i*r = -23*r + 189. What is the units digit of r?
7
Suppose 0 = 4198*t - 4226*t + 247688. What is the t